the remainder when 2247 is divided by 1791?
456
Calculate the remainder when 29730 is divided by 12.
6
What is the remainder when 1944275 is divided by 148?
147
Calculate the remainder when 47718 is divided by 560.
118
What is the remainder when 403575 is divided by 40?
15
Calculate the remainder when 5699 is divided by 528.
419
What is the remainder when 683 is divided by 332?
19
Calculate the remainder when 121859 is divided by 111.
92
What is the remainder when 64116 is divided by 1034?
8
What is the remainder when 294256 is divided by 82?
40
Calculate the remainder when 6387 is divided by 5.
2
Calculate the remainder when 650546 is divided by 6995.
11
Calculate the remainder when 66967 is divided by 10.
7
Calculate the remainder when 3056 is divided by 3031.
25
What is the remainder when 21743 is divided by 262?
259
What is the remainder when 27041 is divided by 970?
851
What is the remainder when 7269 is divided by 386?
321
What is the remainder when 229071 is divided by 49?
45
What is the remainder when 173037 is divided by 43259?
1
Calculate the remainder when 2387 is divided by 225.
137
What is the remainder when 434632 is divided by 28?
16
Calculate the remainder when 17834 is divided by 858.
674
What is the remainder when 24975 is divided by 223?
222
Calculate the remainder when 28512 is divided by 9504.
0
Calculate the remainder when 231615 is divided by 112.
111
Calculate the remainder when 3495 is divided by 81.
12
What is the remainder when 14486 is divided by 439?
438
Calculate the remainder when 224758 is divided by 44949.
13
Calculate the remainder when 310898 is divided by 1224.
2
Calculate the remainder when 6979 is divided by 410.
9
What is the remainder when 30486 is divided by 2345?
1
What is the remainder when 145996 is divided by 5405?
61
What is the remainder when 40835 is divided by 349?
2
Calculate the remainder when 3109 is divided by 261.
238
Calculate the remainder when 2739996 is divided by 61.
59
Calculate the remainder when 27146 is divided by 13540.
66
Calculate the remainder when 215255 is divided by 289.
239
Calculate the remainder when 90541 is divided by 462.
451
Calculate the remainder when 158228 is divided by 9.
8
Calculate the remainder when 4048 is divided by 324.
160
What is the remainder when 22686 is divided by 339?
312
What is the remainder when 4509 is divided by 227?
196
What is the remainder when 263234 is divided by 13?
10
What is the remainder when 33601 is divided by 4?
1
What is the remainder when 2340 is divided by 57?
3
Calculate the remainder when 12784 is divided by 20.
4
What is the remainder when 2920 is divided by 391?
183
What is the remainder when 152071 is divided by 664?
15
Calculate the remainder when 598454 is divided by 31.
30
What is the remainder when 2545904 is divided by 318?
314
What is the remainder when 144926 is divided by 112?
110
What is the remainder when 4234 is divided by 2077?
80
What is the remainder when 223773 is divided by 144?
141
Calculate the remainder when 89924 is divided by 18.
14
Calculate the remainder when 2209 is divided by 2201.
8
Calculate the remainder when 3553 is divided by 10.
3
What is the remainder when 39388 is divided by 30?
28
Calculate the remainder when 6241 is divided by 54.
31
What is the remainder when 52330 is divided by 382?
378
What is the remainder when 1125 is divided by 91?
33
What is the remainder when 4860 is divided by 822?
750
Calculate the remainder when 7056467 is divided by 558.
557
What is the remainder when 296525 is divided by 98839?
8
What is the remainder when 6610 is divided by 266?
226
What is the remainder when 175972 is divided by 409?
102
What is the remainder when 836 is divided by 787?
49
Calculate the remainder when 31240 is divided by 448.
328
Calculate the remainder when 169843 is divided by 326.
323
Calculate the remainder when 925 is divided by 313.
299
Calculate the remainder when 79631 is divided by 26532.
35
What is the remainder when 8926 is divided by 13?
8
What is the remainder when 160661 is divided by 71?
59
Calculate the remainder when 66350 is divided by 52.
50
What is the remainder when 20876 is divided by 168?
44
Calculate the remainder when 12193 is divided by 57.
52
What is the remainder when 111370 is divided by 1003?
37
Calculate the remainder when 15181 is divided by 733.
521
Calculate the remainder when 11302 is divided by 226.
2
Calculate the remainder when 147501 is divided by 42.
39
Calculate the remainder when 3289 is divided by 154.
55
Calculate the remainder when 81171 is divided by 20289.
15
What is the remainder when 1014 is divided by 238?
62
Calculate the remainder when 1774 is divided by 5.
4
What is the remainder when 12525 is divided by 226?
95
Calculate the remainder when 440997 is divided by 517.
513
Calculate the remainder when 2668 is divided by 297.
292
What is the remainder when 40356 is divided by 337?
253
Calculate the remainder when 1856 is divided by 980.
876
What is the remainder when 2280 is divided by 138?
72
What is the remainder when 5545 is divided by 291?
16
Calculate the remainder when 99639 is divided by 33202.
33
What is the remainder when 353296 is divided by 40?
16
What is the remainder when 219693 is divided by 103?
97
What is the remainder when 5217 is divided by 481?
407
What is the remainder when 109141 is divided by 27285?
1
What is the remainder when 27258 is divided by 116?
114
Calculate the remainder when 27455 is divided by 45.
5
What is the remainder when 654 is divided by 403?
251
Calculate the remainder when 198260 is divided by 21.
20
What is the remainder when 624689 is divided by 78086?
1
Calculate the remainder when 95496 is divided by 127.
119
What is the remainder when 10522 is divided by 71?
14
Calculate the remainder when 41972 is divided by 109.
7
What is the remainder when 15201 is divided by 402?
327
What is the remainder when 1967035 is divided by 587?
585
What is the remainder when 49809 is divided by 170?
169
What is the remainder when 2090663 is divided by 29?
24
Calculate the remainder when 224266 is divided by 74752.
10
What is the remainder when 16546 is divided by 1034?
2
Calculate the remainder when 79233 is divided by 2476.
1
Calculate the remainder when 3225 is divided by 1400.
425
What is the remainder when 5996 is divided by 2983?
30
Calculate the remainder when 2246 is divided by 607.
425
Calculate the remainder when 2878 is divided by 8.
6
Calculate the remainder when 4688 is divided by 2039.
610
Calculate the remainder when 1765 is divided by 68.
65
Calculate the remainder when 1590 is divided by 24.
6
What is the remainder when 5455 is divided by 407?
164
Calculate the remainder when 6586 is divided by 69.
31
Calculate the remainder when 7173 is divided by 190.
143
Calculate the remainder when 11348 is divided by 344.
340
Calculate the remainder when 26245 is divided by 128.
5
Calculate the remainder when 72231 is divided by 119.
117
What is the remainder when 2349 is divided by 237?
216
Calculate the remainder when 36159 is divided by 210.
39
Calculate the remainder when 74015 is divided by 574.
543
Calculate the remainder when 183361 is divided by 455.
451
What is the remainder when 34268 is divided by 41?
33
Calculate the remainder when 70215 is divided by 8.
7
What is the remainder when 7498 is divided by 3339?
820
What is the remainder when 1189036 is divided by 4975?
11
Calculate the remainder when 3206 is divided by 68.
10
Calculate the remainder when 110160 is divided by 19.
17
What is the remainder when 11584 is divided by 53?
30
Calculate the remainder when 232656 is divided by 4653.
6
What is the remainder when 82547 is divided by 12?
11
Calculate the remainder when 345372 is divided by 84.
48
What is the remainder when 148279 is divided by 24707?
37
What is the remainder when 392857 is divided by 5?
2
What is the remainder when 8983 is divided by 1282?
9
Calculate the remainder when 699566 is divided by 934.
0
Calculate the remainder when 2890 is divided by 485.
465
Calculate the remainder when 1981 is divided by 1582.
399
Calculate the remainder when 22972 is divided by 267.
10
What is the remainder when 2302 is divided by 450?
52
Calculate the remainder when 24027 is divided by 2996.
59
What is